{"id":37,"date":"2024-07-09T13:48:15","date_gmt":"2024-07-09T13:48:15","guid":{"rendered":"https:\/\/colsanfra.edu.sv\/home\/services\/"},"modified":"2024-07-09T13:48:22","modified_gmt":"2024-07-09T13:48:22","slug":"services","status":"publish","type":"page","link":"https:\/\/colsanfra.edu.sv\/home\/services\/","title":{"rendered":"Services"},"content":{"rendered":"\n<div class=\"wp-block-uagb-container uagb-block-a6a8e0d4 alignfull uagb-is-root-container\">\n<div class=\"wp-block-uagb-container uagb-block-41915a2b\">\n<div class=\"wp-block-uagb-advanced-heading uagb-block-a16b6668\"><p class=\"uagb-desc-text\">Nuestros<\/p><h1 class=\"uagb-heading-text\">Servicios Principales<\/h1><\/div>\n<\/div>\n<\/div>\n\n\n\n<div class=\"wp-block-uagb-container uagb-block-e7ec6663 alignfull uagb-is-root-container\"><div class=\"uagb-container-inner-blocks-wrap\">\n<div class=\"wp-block-uagb-container uagb-block-081ab3e9\">\n<div class=\"wp-block-uagb-container uagb-block-c5c82fe1\">\n<div class=\"wp-block-uagb-advanced-heading uagb-block-a151ed46\"><h2 class=\"uagb-heading-text\">Educaci\u00f3n Personalizada<\/h2><p class=\"uagb-desc-text\">En Colegio San Francisco brindamos educaci\u00f3n personalizada con aulas reducidas y atenci\u00f3n individualizada. Nuestro enfoque garantiza un aprendizaje \u00f3ptimo y un ambiente propicio para el desarrollo acad\u00e9mico y personal de cada estudiante.<\/p><\/div>\n\n\n\n<div class=\"wp-block-uagb-image aligncenter uagb-block-4e88f024 wp-block-uagb-image--layout-default wp-block-uagb-image--effect-static wp-block-uagb-image--align-center\"><figure class=\"wp-block-uagb-image__figure\"><img loading=\"lazy\" decoding=\"async\" srcset=\"https:\/\/colsanfra.edu.sv\/home\/wp-content\/uploads\/2024\/07\/pexels-photo-19760638.jpeg ,https:\/\/colsanfra.edu.sv\/home\/wp-content\/uploads\/2024\/07\/pexels-photo-19760638.jpeg 780w, https:\/\/colsanfra.edu.sv\/home\/wp-content\/uploads\/2024\/07\/pexels-photo-19760638.jpeg 360w\" sizes=\"auto, (max-width: 480px) 150px\" src=\"https:\/\/colsanfra.edu.sv\/home\/wp-content\/uploads\/2024\/07\/pexels-photo-19760638.jpeg\" alt=\"\" class=\"uag-image-41\" width=\"600\" height=\"300\" title=\"services-01\" loading=\"lazy\" role=\"img\"\/><\/figure><\/div>\n<\/div>\n\n\n\n<div class=\"wp-block-uagb-container uagb-block-25509c08\">\n<div class=\"wp-block-uagb-advanced-heading uagb-block-bf8f4ee7\"><h2 class=\"uagb-heading-text\">Actividades Extra-curriculares<\/h2><p class=\"uagb-desc-text\">En Colegio San Francisco ofrecemos una amplia variedad de actividades extra-curriculares que van desde deportes hasta arte y cultura. Nuestros estudiantes tienen la oportunidad de explorar sus intereses y desarrollar habilidades complementarias a su formaci\u00f3n acad\u00e9mica.<\/p><\/div>\n\n\n\n<div class=\"wp-block-uagb-image aligncenter uagb-block-ccaae510 wp-block-uagb-image--layout-default wp-block-uagb-image--effect-static wp-block-uagb-image--align-center\"><figure class=\"wp-block-uagb-image__figure\"><img loading=\"lazy\" decoding=\"async\" srcset=\"https:\/\/colsanfra.edu.sv\/home\/wp-content\/uploads\/2024\/07\/pexels-photo-13834663.jpeg ,https:\/\/colsanfra.edu.sv\/home\/wp-content\/uploads\/2024\/07\/pexels-photo-13834663.jpeg 780w, https:\/\/colsanfra.edu.sv\/home\/wp-content\/uploads\/2024\/07\/pexels-photo-13834663.jpeg 360w\" sizes=\"auto, (max-width: 480px) 150px\" src=\"https:\/\/colsanfra.edu.sv\/home\/wp-content\/uploads\/2024\/07\/pexels-photo-13834663.jpeg\" alt=\"\" class=\"uag-image-42\" width=\"600\" height=\"300\" title=\"services-02\" loading=\"lazy\" role=\"img\"\/><\/figure><\/div>\n<\/div>\n<\/div>\n\n\n\n<div class=\"wp-block-uagb-container uagb-block-68a8e720\">\n<div class=\"wp-block-uagb-star-rating uagb-block-55fb7d50\"><div class=\"uag-star-rating\" title=\"5\/5\"><span class=\"uag-star\">\u2605<\/span><span class=\"uag-star\">\u2605<\/span><span class=\"uag-star\">\u2605<\/span><span class=\"uag-star\">\u2605<\/span><span class=\"uag-star\">\u2605<\/span><\/div><\/div>\n\n\n\n<div class=\"wp-block-uagb-testimonial uagb-slick-carousel uagb-tm__arrow-outside uagb-block-125f66ad uagb-post__carousel_notset uagb-post__carousel_notset-tablet uagb-post__carousel_notset-mobile\"><div class=\"is-carousel uagb-tm__columns-1 uagb-tm__items\"><div class=\"uagb-testimonial__wrap  uagb-tm__imgicon-style-circle uagb-tm__image-position-bottom uagb-tm__bg-type-none \"><div class=\"uagb-tm__content\"><div class=\"uagb-tm__overlay\"><\/div><div class=\"uagb-tm__text-wrap\"><div class=\"uagb-tm__desc\">Gracias al Colegio San Francisco, he tenido una educaci\u00f3n de calidad que me ha ayudado a alcanzar mis metas acad\u00e9micas y personales.<\/div><div class=\"uagb-tm__meta-inner\"><div class=\"uagb-tm__image-content\"><div class=\"uagb-tm__image\"><img loading=\"lazy\" decoding=\"async\" class=\"uagb-tm-img-src\" src=\"https:\/\/colsanfra.edu.sv\/home\/wp-content\/uploads\/2024\/05\/testimonial-skip-01.jpg\" alt=\"\" width=\"50\" height=\"50\" loading=\"lazy\"\/><\/div><\/div><div class=\"uagb-testimonial-details\"><span class=\"uagb-tm__author-name\">Carlos P\u00e9rez<\/span><span class=\"uagb-tm__company\">James Oliver<\/span><\/div><\/div><\/div><\/div><\/div><\/div><\/div>\n<\/div>\n\n\n\n<div class=\"wp-block-uagb-container uagb-block-2b4b3343\">\n<div class=\"wp-block-uagb-container uagb-block-cd07b3e8\">\n<div class=\"wp-block-uagb-advanced-heading uagb-block-ee704022\"><h2 class=\"uagb-heading-text\">Tecnolog\u00eda Avanzada<\/h2><p class=\"uagb-desc-text\">En Colegio San Francisco contamos con infraestructura y recursos tecnol\u00f3gicos de \u00faltima generaci\u00f3n. Nuestros estudiantes tienen acceso a laboratorios equipados, clases interactivas y herramientas digitales que promueven un aprendizaje innovador y adaptado a las demandas actuales.<\/p><\/div>\n\n\n\n<div class=\"wp-block-uagb-image aligncenter uagb-block-eac9b38e wp-block-uagb-image--layout-default wp-block-uagb-image--effect-static wp-block-uagb-image--align-center\"><figure class=\"wp-block-uagb-image__figure\"><img loading=\"lazy\" decoding=\"async\" srcset=\"https:\/\/colsanfra.edu.sv\/home\/wp-content\/uploads\/2024\/07\/pexels-photo-19760675.jpeg ,https:\/\/colsanfra.edu.sv\/home\/wp-content\/uploads\/2024\/07\/pexels-photo-19760675.jpeg 780w, https:\/\/colsanfra.edu.sv\/home\/wp-content\/uploads\/2024\/07\/pexels-photo-19760675.jpeg 360w\" sizes=\"auto, (max-width: 480px) 150px\" src=\"https:\/\/colsanfra.edu.sv\/home\/wp-content\/uploads\/2024\/07\/pexels-photo-19760675.jpeg\" alt=\"\" class=\"uag-image-40\" width=\"600\" height=\"300\" title=\"services-03\" loading=\"lazy\" role=\"img\"\/><\/figure><\/div>\n<\/div>\n\n\n\n<div class=\"wp-block-uagb-container uagb-block-cb5e2fe1\">\n<div class=\"wp-block-uagb-advanced-heading uagb-block-2536092e\"><h2 class=\"uagb-heading-text\">Orientaci\u00f3n Profesional<\/h2><p class=\"uagb-desc-text\">En Colegio San Francisco brindamos un programa de orientaci\u00f3n profesional que ayuda a nuestros estudiantes a explorar y planificar su futuro acad\u00e9mico y profesional. A trav\u00e9s de charlas, talleres y asesor\u00edas personalizadas, buscamos que cada estudiante descubra sus aptitudes y tome decisiones informadas sobre su trayectoria educativa y laboral.<\/p><\/div>\n\n\n\n<div class=\"wp-block-uagb-image aligncenter uagb-block-784543d1 wp-block-uagb-image--layout-default wp-block-uagb-image--effect-static wp-block-uagb-image--align-center\"><figure class=\"wp-block-uagb-image__figure\"><img loading=\"lazy\" decoding=\"async\" srcset=\"https:\/\/colsanfra.edu.sv\/home\/wp-content\/uploads\/2024\/07\/pexels-photo-19760638.jpeg ,https:\/\/colsanfra.edu.sv\/home\/wp-content\/uploads\/2024\/07\/pexels-photo-19760638.jpeg 780w, https:\/\/colsanfra.edu.sv\/home\/wp-content\/uploads\/2024\/07\/pexels-photo-19760638.jpeg 360w\" sizes=\"auto, (max-width: 480px) 150px\" src=\"https:\/\/colsanfra.edu.sv\/home\/wp-content\/uploads\/2024\/07\/pexels-photo-19760638.jpeg\" alt=\"\" class=\"uag-image-41\" width=\"600\" height=\"300\" title=\"services-04\" loading=\"lazy\" role=\"img\"\/><\/figure><\/div>\n<\/div>\n<\/div>\n<\/div><\/div>\n\n\n\n<div class=\"wp-block-uagb-container uagb-block-a44e806f alignfull uagb-is-root-container\"><div class=\"uagb-container-inner-blocks-wrap\">\n<div class=\"wp-block-uagb-container uagb-block-942920e8\">\n<div class=\"wp-block-uagb-info-box uagb-block-8efa70de uagb-infobox__content-wrap  uagb-infobox-icon-above-title uagb-infobox-image-valign-top\"><div class=\"uagb-ifb-content\"><div class=\"uagb-ifb-title-wrap\"><span class=\"uagb-ifb-title-prefix\">\u00danete a nosotros<\/span><h2 class=\"uagb-ifb-title\">Descubre c\u00f3mo puedes ser parte de nuestra comunidad educativa<\/h2><\/div><p class=\"uagb-ifb-desc\">Cont\u00e1ctanos para obtener m\u00e1s informaci\u00f3n y matricular a tu hijo en el mejor colegio de El Salvador.<\/p><div class=\"uagb-ifb-button-wrapper wp-block-button\"><a href=\"contact\/\" class=\"uagb-infobox-cta-link wp-block-button__link\" target=\"_self\" rel=\"noopener noreferrer\" onclick=\"return true;\" alt=\"\"><span class=\"uagb-inline-editing\">Descubre m\u00e1s<\/span><\/a><\/div><\/div><\/div>\n<\/div>\n<\/div><\/div>\n","protected":false},"excerpt":{"rendered":"<p>Nuestros Servicios Principales Educaci\u00f3n Personalizada En Colegio San Francisco brindamos educaci\u00f3n personalizada con aulas reducidas y atenci\u00f3n individualizada. Nuestro enfoque [&hellip;]<\/p>\n","protected":false},"author":1,"featured_media":0,"parent":0,"menu_order":0,"comment_status":"closed","ping_status":"closed","template":"","meta":{"_uag_custom_page_level_css":"","site-sidebar-layout":"default","site-content-layout":"","ast-site-content-layout":"","site-content-style":"default","site-sidebar-style":"default","ast-global-header-display":"","ast-banner-title-visibility":"","ast-main-header-display":"","ast-hfb-above-header-display":"","ast-hfb-below-header-display":"","ast-hfb-mobile-header-display":"","site-post-title":"disabled","ast-breadcrumbs-content":"","ast-featured-img":"","footer-sml-layout":"","theme-transparent-header-meta":"","adv-header-id-meta":"","stick-header-meta":"","header-above-stick-meta":"","header-main-stick-meta":"","header-below-stick-meta":"","astra-migrate-meta-layouts":"default","ast-page-background-enabled":"default","ast-page-background-meta":{"desktop":{"background-color":"var(--ast-global-color-4)","background-image":"","background-repeat":"repeat","background-position":"center center","background-size":"auto","background-attachment":"scroll","background-type":"","background-media":"","overlay-type":"","overlay-color":"","overlay-gradient":""},"tablet":{"background-color":"","background-image":"","background-repeat":"repeat","background-position":"center center","background-size":"auto","background-attachment":"scroll","background-type":"","background-media":"","overlay-type":"","overlay-color":"","overlay-gradient":""},"mobile":{"background-color":"","background-image":"","background-repeat":"repeat","background-position":"center center","background-size":"auto","background-attachment":"scroll","background-type":"","background-media":"","overlay-type":"","overlay-color":"","overlay-gradient":""}},"ast-content-background-meta":{"desktop":{"background-color":"var(--ast-global-color-5)","background-image":"","background-repeat":"repeat","background-position":"center center","background-size":"auto","background-attachment":"scroll","background-type":"","background-media":"","overlay-type":"","overlay-color":"","overlay-gradient":""},"tablet":{"background-color":"var(--ast-global-color-5)","background-image":"","background-repeat":"repeat","background-position":"center center","background-size":"auto","background-attachment":"scroll","background-type":"","background-media":"","overlay-type":"","overlay-color":"","overlay-gradient":""},"mobile":{"background-color":"var(--ast-global-color-5)","background-image":"","background-repeat":"repeat","background-position":"center center","background-size":"auto","background-attachment":"scroll","background-type":"","background-media":"","overlay-type":"","overlay-color":"","overlay-gradient":""}},"footnotes":""},"class_list":["post-37","page","type-page","status-publish","hentry"],"uagb_featured_image_src":{"full":false,"thumbnail":false,"medium":false,"medium_large":false,"large":false,"1536x1536":false,"2048x2048":false},"uagb_author_info":{"display_name":"Admincsf","author_link":"https:\/\/colsanfra.edu.sv\/home\/author\/Admincsf\/"},"uagb_comment_info":0,"uagb_excerpt":"Nuestros Servicios Principales Educaci\u00f3n Personalizada En Colegio San Francisco brindamos educaci\u00f3n personalizada con aulas reducidas y atenci\u00f3n individualizada. Nuestro enfoque [&hellip;]","_links":{"self":[{"href":"https:\/\/colsanfra.edu.sv\/home\/wp-json\/wp\/v2\/pages\/37","targetHints":{"allow":["GET"]}}],"collection":[{"href":"https:\/\/colsanfra.edu.sv\/home\/wp-json\/wp\/v2\/pages"}],"about":[{"href":"https:\/\/colsanfra.edu.sv\/home\/wp-json\/wp\/v2\/types\/page"}],"author":[{"embeddable":true,"href":"https:\/\/colsanfra.edu.sv\/home\/wp-json\/wp\/v2\/users\/1"}],"replies":[{"embeddable":true,"href":"https:\/\/colsanfra.edu.sv\/home\/wp-json\/wp\/v2\/comments?post=37"}],"version-history":[{"count":2,"href":"https:\/\/colsanfra.edu.sv\/home\/wp-json\/wp\/v2\/pages\/37\/revisions"}],"predecessor-version":[{"id":192,"href":"https:\/\/colsanfra.edu.sv\/home\/wp-json\/wp\/v2\/pages\/37\/revisions\/192"}],"wp:attachment":[{"href":"https:\/\/colsanfra.edu.sv\/home\/wp-json\/wp\/v2\/media?parent=37"}],"curies":[{"name":"wp","href":"https:\/\/api.w.org\/{rel}","templated":true}]}}